 (base 9) in base 7?
-203
What is 1100111 (base 2) in base 7?
205
1 (base 9) to base 6
1
What is -21 (base 11) in base 6?
-35
1 (base 7) to base 10
1
-2 (base 3) to base 13
-2
-23 (base 5) to base 7
-16
54 (base 11) to base 16
3b
What is 9d (base 15) in base 4?
2110
What is -6 (base 8) in base 14?
-6
What is 2 (base 14) in base 8?
2
13 (base 8) to base 13
b
What is 1101011 (base 2) in base 6?
255
1213 (base 6) to base 4
10221
What is -33 (base 4) in base 5?
-30
Convert 105 (base 14) to base 11.
173
What is -117 (base 15) in base 12?
-187
-24 (base 7) to base 6
-30
4 (base 10) to base 3
11
What is -151 (base 13) in base 9?
-281
Convert 1011 (base 2) to base 6.
15
151 (base 9) to base 10
127
-75 (base 12) to base 13
-6b
Convert -4 (base 10) to base 9.
-4
What is -b (base 13) in base 4?
-23
Convert 23 (base 6) to base 15.
10
-650 (base 7) to base 12
-235
Convert 12202 (base 3) to base 5.
1110
-40 (base 9) to base 15
-26
Convert -3 (base 7) to base 15.
-3
What is -82 (base 9) in base 11?
-68
What is -2 (base 9) in base 4?
-2
-24 (base 13) to base 9
-33
What is 74 (base 15) in base 16?
6d
Convert 47 (base 10) to base 4.
233
What is 42 (base 6) in base 15?
1b
Convert 1100 (base 3) to base 5.
121
What is 110011 (base 2) in base 10?
51
What is -a (base 12) in base 5?
-20
Convert 15 (base 9) to base 12.
12
What is 214 (base 6) in base 8?
122
Convert -a (base 13) to base 8.
-12
-201 (base 9) to base 6
-431
What is 18 (base 9) in base 8?
21
What is 15 (base 10) in base 15?
10
What is b (base 15) in base 12?
b
What is -2 (base 5) in base 12?
-2
-5 (base 7) to base 5
-10
What is 13a (base 11) in base 7?
323
Convert 75 (base 15) to base 5.
420
What is -2 (base 8) in base 11?
-2
-110 (base 3) to base 16
-c
-10 (base 3) to base 5
-3
What is -23 (base 4) in base 8?
-13
What is -100 (base 7) in base 14?
-37
What is -31 (base 12) in base 14?
-29
Convert -2 (base 16) to base 12.
-2
Convert 20011 (base 3) to base 15.
b1
Convert -20 (base 4) to base 2.
-1000
Convert 118 (base 14) to base 6.
1002
-1 (base 10) to base 6
-1
What is -20 (base 8) in base 16?
-10
What is 420 (base 7) in base 3?
21210
Convert 6 (base 15) to base 10.
6
Convert -2 (base 12) to base 8.
-2
Convert -2 (base 15) to base 13.
-2
23 (base 6) to base 3
120
-34 (base 13) to base 2
-101011
2 (base 3) to base 8
2
What is -4 (base 5) in base 3?
-11
What is 30 (base 4) in base 3?
110
8 (base 13) to base 8
10
What is -1001 (base 6) in base 12?
-161
What is 0 (base 11) in base 8?
0
What is 7 (base 15) in base 14?
7
Convert -2 (base 3) to base 12.
-2
What is 16 (base 8) in base 2?
1110
Convert -a6 (base 11) to base 3.
-11022
What is 12 (base 7) in base 12?
9
-4 (base 6) to base 10
-4
Convert 40 (base 6) to base 2.
11000
46 (base 7) to base 15
24
Convert 40 (base 6) to base 12.
20
Convert -145 (base 7) to base 5.
-312
Convert 8 (base 12) to base 4.
20
What is -13f (base 16) in base 3?
-102211
-91 (base 15) to base 11
-114
Convert 3 (base 5) to base 15.
3
What is 1 (base 8) in base 2?
1
Convert -1 (base 12) to base 5.
-1
Convert -3 (base 7) to base 5.
-3
What is -12 (base 14) in base 7?
-22
-2 (base 15) to base 8
-2
Convert -11 (base 3) to base 10.
-4
-2b (base 15) to base 9
-45
Convert 1 (base 3) to base 4.
1
What is -4 (base 9) in base 2?
-100
Convert -2 (base 11) to base 4.
-2
Convert -5 (base 10) to base 14.
-5
What is 1010010 (base 2) in base 7?
145
1100 (base 2) to base 3
110
What is 2 (base 11) in base 12?
2
Convert -7a (base 15) to base 5.
-430
What is -54 (base 14) in base 13?
-59
Convert 65 (base 11) to base 16.
47
Convert -2 (base 11) to base 9.
-2
-10 (base 12) to base 15
-c
What is 1010 (base 2) in base 3?
101
What is -211 (base 4) in base 2?
-100101
Convert 26 (base 7) to base 4.
110
What is 7 (base 11) in base 9?
7
Convert -22100 (base 3) to base 11.
-195
Convert -14 (base 9) to base 16.
-d
Convert -8a (base 16) to base 6.
-350
What is -29 (base 11) in base 3?
-1011
Convert -52 (base 9) to base 15.
-32
189 (base 13) to base 14
162
-10001110 (base 2) to base 14
-a2
40 (base 9) to base 5
121
Convert 1 (base 11) to base 7.
1
What is 4 (base 16) in base 3?
11
What is 2 (base 9) in base 4?
2
Convert -4 (base 7) to base 13.
-4
What is -8 (base 10) in base 8?
-10
Convert -51 (base 15) to base 3.
-2211
-23 (base 12) to base 3
-1000
What is 11111 (base 2) in base 3?
1011
10 (base 6) to base 11
6
What is 1323 (base 5) in base 2?
11010101
Convert 85 (base 14) to base 9.
140
Convert -2 (base 8) to base 10.
-2
-3 (base 16) to base 7
-3
-15 (base 12) to base 13
-14
1 (base 13) to base 4
1
-3 (base 6) to base 4
-3
What is -2 (base 15) in base 3?
-2
Convert -16 (base 11) to base 12.
-15
Convert -2 (base 7) to base 9.
-2
-101 (base 2) to base 12
-5
What is 7 (base 14) in base 6?
11
Convert -1 (base 14) to base 12.
-1
1045 (base 6) to base 3
100002
What is 7 (base 13) in base 12?
7
Convert -120 (base 9) to base 8.
-143
Convert -50 (base 7) to base 4.
-203
Convert 13 (base 8) to base 7.
14
What is 114 (base 10) in base 3?
11020
What is 10011000 (base 2) in base 3?
12122
What is -10301 (base 4) in base 9?
-368
Convert 8 (base 11) to base 10.
8
2 (base 11) to base 8
2
What is 1 (base 11) in base 6?
1
-6 (base 8) to base 9
-6
12 (base 16) to base 11
17
12 (base 4) to base 15
6
What is -16 (base 10) in base 9?
-17
e (base 16) to base 4
32
2 (base 4) to base 10
2
Convert -3 (base 8) to base 4.
-3
What is -64 (base 14) in base 6?
-224
-101001 (base 2) to base 10
-41
0 (base 5) to base 3
0
Convert 100 (base 2) to base 11.
4
1 (base 5) to base 13
1
What is 2 (base 14) in base 13?
2
Convert -3 (base 15) to base 3.
-10
Convert -101 (base 2) to base 5.
-10
What is 8 (base 10) in base 9?
8
136 (base 8) to base 15
64
What is 16 (base 10) in base 15?
11
-210 (base 4) to base 7
-51
What is 141 (base 7) in base 10?
78
What is -120 (base 3) in base 14?
-11
What is -221 (base 5) in base 7?
-115
What is 1b1 (base 12) in base 13?
184
Convert 3c (base 16) to base 3.
2020
Convert 11000 (base 2) to base 9.
26
-5 (base 10) to base 4
-11
-11 (base 2) to base 14
-3
What is 2 (base 12) in base 9?
2
Convert a1 (base 11) to base 14.
7d
4 (base 7) to base 4
10
Convert -2 (base 11) to base 3.
-2
Convert 112 (base 12) to base 10.
158
Convert 35 (base 6) to base 13.
1a
-5 (base 9) to base 14
-5
What is 10101 (base 3) in base 13?
70
-23 (base 8) to base 10
-19
-8 (base 14) to base 16
-8
What is 120 (base 4) in base 10?
24
What is -230 (base 4) in base 7?
-62
What is -10 (base 7) in base 12?
-7
-c3 (base 16) to base 8
-303
Convert -1 (base 8) to base 16.
-1
What is -10 (base 2) in base 4?
-2
31 (base 14) to base 9
47
What is -3 (base 5) in base 2?
-11
-4 (base 5) to base 14
-4
What is 5 (base 15) in base 8?
5
-59 (base 10) to base 12
-4b
Convert b (base 12) to base 3.
102
What is 8 (base 11) in base 2?
1000
What is 113 (base 8) in base 7?
135
Convert 23 (base 7) to base 14.
13
What is -1b (base 15) in base 7?
-35
What is 3 (base 7) in base 16?
3
Convert 22 (base 9) to base 11.
19
-b (base 15) to base 9
-12
Convert 23 (base 8) to base 3.
201
-110111 (base 2) to base 14
-3d
What is 144 (base 6) in base 3?
2101
Convert -1022 (base 6) to base 7.
-446
Convert 1011 (base 2) to base 8.
13
What is -d6 (base 14) in base 4?
-2330
What is -e (base 15) in base 12?
-12
What is a8 (base 11) in base 15?
7d
What is 45 (base 11) in base 8?
61
-10 (base 4) to base 2
-100
What is -20 (base 12) in base 8?
-30
What is -8c (base 15) in base 16?
-84
Convert 13 (base 4) to base 10.
7
-33 (base 5) to base 13
-15
Convert 22 (base 4) to base 12.
a
Convert -a (base 14) to base 15.
-a
What is 7 (base 9) in base 2?
111
What is -7a (base 14) in base 6?
-300
-8 (base 11) to base 12
-8
0 (base 3) to base 16
0
What is 1 (base 13) in base 16?
1
Convert 425 (base 6) to base 16.
a1
What is 11 (base 9) in base 2?
1010
Convert -110 (base 2) to base 9.
-6
-16 (base 10) to base 8
-20
What is 32 (base 9) in base 4?
131
-3 (base 6) to base 5
-3
What is -1 (base 14) in base 5?
-1
57 (base 13) to base 4
1020
Convert 0 (base 14) to base 4.
0
What is -100 (base 6) in base 10?
-36
What is -1110 (base 4) in base 8?
-124
Convert -3 (base 4) to base 5.
-3
Convert -7 (base 10) to base 11.
-7
Convert -32 (base 10) to base 3.
-1012
270 (base 10) to base 3
101000
What is 60 (base 11) in base 14?